ppose 2*c = -p + 168, -2*c + p + 106 + 62 = 0. What is the greatest common factor of 12 and c?
12
Suppose 95 = 8*y - 33. Calculate the greatest common factor of y and 64.
16
Suppose -9*y = -31 - 5. Let u(n) = -11*n - 2. Let h be u(-2). What is the highest common factor of y and h?
4
Suppose q = -4*q. Suppose 5*a - b - 113 = q, 0*b = -5*a + 3*b + 119. Calculate the greatest common divisor of 2 and a.
2
Suppose 4*n = 146 + 46. Let f be (-4)/(-6)*(27 - 3). Let b = f + -4. Calculate the highest common factor of n and b.
12
Let v be (-10 + 1)/(6/(-28)). Let w(p) = p**2 - 8*p + 8. Let q be w(6). Let z = q - -18. What is the highest common factor of z and v?
14
Let v = -3 + 6. Suppose -5*y + v*y = -168. What is the highest common factor of y and 12?
12
Suppose -2*z = -32 - 48. Let i = 3 - 1. Suppose -5*k + 5*n = -30, i*k - 5*k = n - 26. What is the highest common divisor of k and z?
8
Suppose -3*x + 35 = -28. Calculate the greatest common factor of x and 3.
3
Let p be 1 + -1 + 1 - (-20)/2. Calculate the greatest common divisor of p and 77.
11
Let m(n) = -n**3 + 16*n**2 + 3*n - 22. Let d be m(16). Calculate the greatest common factor of d and 26.
26
Suppose 8*t - 11*t = -399. Suppose 3*y - 4*u = 49, 2*y + 2*y = -3*u + 82. Calculate the greatest common factor of y and t.
19
Let a = -51 - -69. What is the highest common factor of a and 6?
6
Suppose -4*m - 4*o = -44, -5*m - 2*o + 3*o = -55. Let r = 27 + -16. Calculate the greatest common divisor of m and r.
11
Suppose -5 = -3*y + 40. Let z(w) = -4*w + 23. Let u be z(-13). What is the highest common divisor of u and y?
15
Let i be ((1 - 0)*1)/(20/60). Let b(g) = g**3 - 8*g**2 + 2. Let u be b(8). What is the greatest common divisor of u and i?
1
Suppose 0 = 4*r - 2*r - 30. What is the greatest common divisor of r and 105?
15
Suppose -29 + 19 = -5*t. Suppose -5*o + 3*l + 1 = -4, -5*o - 5*l + 45 = 0. What is the greatest common divisor of o and t?
2
Let u = 15 - 11. Suppose 0 = -4*z - u + 116. Let c = 5 + z. What is the greatest common factor of c and 3?
3
Let c(f) = f**2 - 6*f + 15. Let u be c(4). Suppose -4*n - 6 = -314. Calculate the greatest common factor of n and u.
7
Let z be (24/14)/(3 - (-725)/(-245)). What is the highest common factor of z and 168?
42
Suppose -g = -0*t - t - 21, 2*g - 38 = t. What is the highest common factor of 119 and g?
17
Suppose 6*o - 16 = 2. Suppose -3 = -4*m + 57. What is the highest common divisor of o and m?
3
Let i = -12 + 20. Let a = 44 - 20. What is the greatest common divisor of i and a?
8
Suppose -8 = -4*a - 0. Let k be (-55 + a + -2)*-1. Calculate the highest common divisor of 5 and k.
5
Let k = 41 + -32. What is the greatest common divisor of k and 81?
9
Let j(l) = -7*l + 13. Let f be j(10). Let m = f - -173. Let x = 200 - m. What is the highest common divisor of 12 and x?
12
Suppose 0 = 5*j + 2 - 12. Let u = 1 + j. Suppose -4*i = -u*x + 367, -4*x - 5*i + 143 = -336. Calculate the highest common divisor of 11 and x.
11
Suppose 0 = 2*x + 4*d - 8, 4*d + 6 = 10. What is the highest common factor of 8 and x?
2
Suppose 3*s - 4*s + 4*g = 18, 2*g = 5*s. Let p be (-2 - 14/(-4))*2. Calculate the highest common factor of s and p.
1
Suppose -2*v + 2 = 6. Let g be -20*3/12*v. What is the highest common factor of 5 and g?
5
Suppose 5*p - 118 = 2. What is the highest common divisor of 3 and p?
3
Let c(m) = 30*m**2 + 3*m + 1. Let t be c(-1). Calculate the highest common divisor of 4 and t.
4
Let p = 13 - 3. Let q be 20/(-3)*(-45)/6. What is the greatest common factor of p and q?
10
Let u be 4/(2/(-4) - 0). Let w be (2/(-4))/(1/u). Calculate the highest common factor of w and 28.
4
Let d(b) = -2*b**3 - b. Let n be d(1). Let q be 192/9 + n/9. Calculate the greatest common factor of 21 and q.
21
Let c(q) = -q**2 - 6*q - 10. Let h be c(-9). Let i(a) = -6*a - 1. Let l be i(2). Let n = l - h. What is the greatest common divisor of n and 8?
8
Let m = 5 + 23. Let a = -18 + m. Suppose -x = -2*s + 3*x + 100, 5*x = 0. What is the greatest common divisor of a and s?
10
Suppose 776 - 176 = 12*m. Calculate the greatest common divisor of m and 10.
10
Let x = 26 - 18. What is the highest common divisor of x and 72?
8
Suppose 2*o - 44 = -2*o. Let j be -194*(2 - 15/6). Suppose 24 = k - j. What is the highest common divisor of o and k?
11
Suppose -4*b = -3*a - 165, 2*b = 8*a - 4*a + 80. Calculate the greatest common divisor of 84 and b.
42
Suppose 0 = -3*z + 16 + 2. Let a(m) = m**2 + 4. Let o be a(z). Calculate the highest common divisor of 8 and o.
8
Let o(a) = a - 1. Let u be o(3). Suppose -5*b + 48 = u*h - 22, -3*h = 3*b - 105. Calculate the highest common divisor of 5 and h.
5
Suppose 32 + 31 = 3*r. What is the highest common divisor of r and 3?
3
Suppose -5*c = -3*t - 738, -2*t - 593 + 3 = -4*c. Suppose -4*f + 125 = -c. What is the greatest common factor of f and 17?
17
Suppose -5*n + 5*b = 0, 4*n + 3*b = 9 + 19. Suppose 0 = -n*o - 11 - 1. Let v be ((-14)/o)/((-2)/(-3)). Calculate the highest common divisor of 35 and v.
7
Suppose 3*s - 132 = 180. Let m = -106 + 119. Calculate the greatest common factor of m and s.
13
Let m = -20 - -30. Let j(h) = -2*h**3 - h**2 + 3*h. Let f be j(-4). Suppose -r + 6*r - f = 0. What is the greatest common divisor of m and r?
10
Let p be 8/(-6)*15/(-10). What is the greatest common factor of p and 18?
2
Suppose 2*w - 6*w = -112. Suppose -3*c + w = -29. Suppose -4*s = c - 51. Calculate the highest common factor of 64 and s.
8
Suppose -19 = -3*d - 4. Suppose d*b - 2*u - 48 = -u, 2*b = -5*u + 3. Calculate the greatest common divisor of 9 and b.
9
Suppose 46 = -4*f - w, 5*f - 3*w + 21 + 45 = 0. Let l = 20 + f. What is the greatest common divisor of l and 4?
4
Let n be -3 + 2 + 1 + 13. Calculate the greatest common factor of 13 and n.
13
Suppose -5*z + 445 + 65 = 0. Suppose 3*p + 32 - 173 = 0. Let q = z - p. What is the highest common factor of 22 and q?
11
Let m = -19 + 23. Calculate the greatest common divisor of m and 12.
4
Suppose 27*u - 28*u = -30. Let b = 8 + 1. Let i be (b/4)/((-6)/(-16)). What is the greatest common factor of u and i?
6
Suppose 5*s - 9*s - x + 527 = 0, 4*s - x - 537 = 0. Calculate the highest common factor of s and 38.
19
Let x = -83 - -358. Calculate the greatest common factor of 11 and x.
11
Let n(w) = 4*w**2 + 10*w - 18. Let t be n(3). Calculate the highest common factor of 112 and t.
16
Let p be (-2)/18*3*-9. Suppose -l + 484 = 4*c, -3*c + p*l + 56 + 307 = 0. Calculate the highest common divisor of 11 and c.
11
Let z = -1 - 1. Let g(w) = -w - 3*w**3 + w**2 - w + 1 + 4*w**3. Let o be g(z). Calculate the highest common factor of o and 8.
1
Suppose -2*l - 87 = -5*p - 3*l, 2*l - 72 = -4*p. Suppose -12*q + 34 = -10*q. What is the highest common divisor of p and q?
17
Suppose 0 = -4*g + g + 180. What is the greatest common factor of 24 and g?
12
Let y = -9 + 31. What is the highest common divisor of y and 11?
11
Let j = 13 + 2. What is the greatest common divisor of 10 and j?
5
Suppose -6*y = -0*y - 510. What is the highest common factor of 17 and y?
17
Let u(t) = t**2 - 7*t + 2. Let s be u(7). Suppose 6*c = s*c + 32. Calculate the greatest common factor of c and 56.
8
Let m(o) = -2*o - 12. Let d be m(-8). Let y be 64/6 + (-2)/3. Calculate the highest common divisor of d and y.
2
Let s be (-2)/(12/(-99))*-2. Let b = -19 - s. Let w be (-1 - b/(-4))*2. What is the highest common divisor of w and 55?
5
Let f = -11 - -22. What is the greatest common divisor of f and 55?
11
Let x = 9 - 5. Let p(l) = -l**3 - 4*l**2 - 3*l. Let g be p(-2). Let c = x + g. Calculate the highest common divisor of 10 and c.
2
Let i(x) = 8 - 8*x**2 - 10*x - x**3 - 3*x**2 - x. Let u be i(-10). Calculate the highest common factor of u and 198.
18
Let x be 3/12 + 1681/(-4). Let l = -258 - x. Let v(b) = b**3 - b**2 - b + 3. Let c be v(3). What is the greatest common factor of c and l?
18
Suppose -3*k = 8 - 35. Let n = 0 + k. Calculate the highest common divisor of 99 and n.
9
Let p be (-1 + -4)*(5 + (-1 - 5)). What is the highest common divisor of p and 2?
1
Let g = -44 - -114. What is the greatest common divisor of 10 and g?
10
Let z be 78/((-4)/8 + (2 - 0)). Calculate the greatest common factor of z and 416.
52
Suppose 6 = 2*z - 4. Suppose 4*t = 8 + 12. Calculate the highes